{"id":115,"date":"2022-03-05T04:34:36","date_gmt":"2022-03-05T04:34:36","guid":{"rendered":"https:\/\/territorialidades.comunarr.org\/?page_id=115"},"modified":"2022-03-18T03:36:10","modified_gmt":"2022-03-18T03:36:10","slug":"contact","status":"publish","type":"page","link":"https:\/\/territorialidades.comunarr.org\/?page_id=115","title":{"rendered":"Enlaces"},"content":{"rendered":"\n\n\n\n\n\n\n\n\n\n<h3>ligas de<span style=\"color: #FEB209;\"> inter\u00e9s<\/span><\/h3>\n<p style=\"text-align: center; font-size: medium;\">A continuaci\u00f3n ponemos a disposici\u00f3n diferentes enlaes, tanto al p\u00fablico en general como para lxs integrantes del Diplomado<\/p>\n\n\n\n\n\n\n\n\n\n","protected":false},"excerpt":{"rendered":"","protected":false},"author":2,"featured_media":0,"parent":0,"menu_order":0,"comment_status":"closed","ping_status":"closed","template":"","meta":{"pagelayer_contact_templates":[],"_pagelayer_content":"","footnotes":""},"class_list":["post-115","page","type-page","status-publish","hentry"],"_links":{"self":[{"href":"https:\/\/territorialidades.comunarr.org\/index.php?rest_route=\/wp\/v2\/pages\/115","targetHints":{"allow":["GET"]}}],"collection":[{"href":"https:\/\/territorialidades.comunarr.org\/index.php?rest_route=\/wp\/v2\/pages"}],"about":[{"href":"https:\/\/territorialidades.comunarr.org\/index.php?rest_route=\/wp\/v2\/types\/page"}],"author":[{"embeddable":true,"href":"https:\/\/territorialidades.comunarr.org\/index.php?rest_route=\/wp\/v2\/users\/2"}],"replies":[{"embeddable":true,"href":"https:\/\/territorialidades.comunarr.org\/index.php?rest_route=%2Fwp%2Fv2%2Fcomments&post=115"}],"version-history":[{"count":7,"href":"https:\/\/territorialidades.comunarr.org\/index.php?rest_route=\/wp\/v2\/pages\/115\/revisions"}],"predecessor-version":[{"id":229,"href":"https:\/\/territorialidades.comunarr.org\/index.php?rest_route=\/wp\/v2\/pages\/115\/revisions\/229"}],"wp:attachment":[{"href":"https:\/\/territorialidades.comunarr.org\/index.php?rest_route=%2Fwp%2Fv2%2Fmedia&parent=115"}],"curies":[{"name":"wp","href":"https:\/\/api.w.org\/{rel}","templated":true}]}}